{"id":25,"date":"2026-07-19T15:15:20","date_gmt":"2026-07-19T15:15:20","guid":{"rendered":"https:\/\/cobrapretastp.com\/?page_id=25"},"modified":"2026-07-20T12:05:11","modified_gmt":"2026-07-20T12:05:11","slug":"sobre","status":"publish","type":"page","link":"https:\/\/cobrapretastp.com\/en\/sobre\/","title":{"rendered":"Sobre"},"content":{"rendered":"<h2 class=\"wp-block-heading has-text-align-center\" style=\"padding-top:var(--wp--preset--spacing--30);padding-right:0;padding-bottom:var(--wp--preset--spacing--30);padding-left:0\"><strong>Bem-vindo ao Movimento Cobra Preta S\u00e3o Tom\u00e9 e Pr\u00edncipe<\/strong><\/h2>\n\n\n\n<figure class=\"wp-block-image aligncenter size-full is-resized ext-animate--on is-style-rounded wp-duotone-unset-1\" style=\"margin-top:0;margin-right:0;margin-bottom:0;margin-left:0\"><img loading=\"lazy\" decoding=\"async\" width=\"1024\" height=\"1024\" src=\"https:\/\/cobrapretastp.com\/wp-content\/uploads\/2026\/07\/MCP-STP-Black-Logo.jpg\" alt=\"\" class=\"wp-image-88\" style=\"width:462px;height:auto\" srcset=\"https:\/\/cobrapretastp.com\/wp-content\/uploads\/2026\/07\/MCP-STP-Black-Logo.jpg 1024w, https:\/\/cobrapretastp.com\/wp-content\/uploads\/2026\/07\/MCP-STP-Black-Logo-300x300.jpg 300w, https:\/\/cobrapretastp.com\/wp-content\/uploads\/2026\/07\/MCP-STP-Black-Logo-150x150.jpg 150w, https:\/\/cobrapretastp.com\/wp-content\/uploads\/2026\/07\/MCP-STP-Black-Logo-768x768.jpg 768w, https:\/\/cobrapretastp.com\/wp-content\/uploads\/2026\/07\/MCP-STP-Black-Logo-12x12.jpg 12w\" sizes=\"auto, (max-width: 1024px) 100vw, 1024px\" \/><\/figure>\n\n\n\n<p class=\"has-text-align-left ext-animate--on has-medium-font-size wp-block-paragraph\" style=\"padding-top:var(--wp--preset--spacing--40);padding-right:0;padding-bottom:var(--wp--preset--spacing--40);padding-left:0\">Existimos para erradicar as lacunas da educa\u00e7\u00e3o do povo, promovendo uma educa\u00e7\u00e3o para a justi\u00e7a social e minimizar a pobreza extrema dos mais carenciados, destitu\u00eddos, dando-lhes op\u00e7\u00f5es e recursos para a sua auto sustenta\u00e7\u00e3o.<\/p>\n\n\n\n<p class=\"ext-animate--on wp-block-paragraph\"><\/p>","protected":false},"excerpt":{"rendered":"<p>Bem-vindo ao Movimento Cobra Preta S\u00e3o Tom\u00e9 e Pr\u00edncipe Existimos para erradicar as lacunas da educa\u00e7\u00e3o do povo, promovendo uma educa\u00e7\u00e3o para a justi\u00e7a social e minimizar a pobreza extrema dos mais carenciados, destitu\u00eddos, dando-lhes op\u00e7\u00f5es e recursos para a sua auto sustenta\u00e7\u00e3o.<\/p>","protected":false},"author":1,"featured_media":0,"parent":0,"menu_order":0,"comment_status":"closed","ping_status":"closed","template":"","meta":{"footnotes":""},"class_list":["post-25","page","type-page","status-publish","hentry"],"_links":{"self":[{"href":"https:\/\/cobrapretastp.com\/en\/wp-json\/wp\/v2\/pages\/25","targetHints":{"allow":["GET"]}}],"collection":[{"href":"https:\/\/cobrapretastp.com\/en\/wp-json\/wp\/v2\/pages"}],"about":[{"href":"https:\/\/cobrapretastp.com\/en\/wp-json\/wp\/v2\/types\/page"}],"author":[{"embeddable":true,"href":"https:\/\/cobrapretastp.com\/en\/wp-json\/wp\/v2\/users\/1"}],"replies":[{"embeddable":true,"href":"https:\/\/cobrapretastp.com\/en\/wp-json\/wp\/v2\/comments?post=25"}],"version-history":[{"count":5,"href":"https:\/\/cobrapretastp.com\/en\/wp-json\/wp\/v2\/pages\/25\/revisions"}],"predecessor-version":[{"id":96,"href":"https:\/\/cobrapretastp.com\/en\/wp-json\/wp\/v2\/pages\/25\/revisions\/96"}],"wp:attachment":[{"href":"https:\/\/cobrapretastp.com\/en\/wp-json\/wp\/v2\/media?parent=25"}],"curies":[{"name":"wp","href":"https:\/\/api.w.org\/{rel}","templated":true}]}}

<h2 class="wp-block-heading has-text-align-center" style="padding-top:var(--wp--preset--spacing--30);padding-right:0;padding-bottom:var(--wp--preset--spacing--30);padding-left:0"><strong>Bem-vindo ao Movimento Cobra Preta São Tomé e Príncipe</strong></h2>



<figure class="wp-block-image aligncenter size-full is-resized ext-animate--on is-style-rounded wp-duotone-unset-1" style="margin-top:0;margin-right:0;margin-bottom:0;margin-left:0"><img loading="lazy" decoding="async" width="1024" height="1024" src="https://cobrapretastp.com/wp-content/uploads/2026/07/MCP-STP-Black-Logo.jpg" alt="" class="wp-image-88" style="width:462px;height:auto" srcset="https://cobrapretastp.com/wp-content/uploads/2026/07/MCP-STP-Black-Logo.jpg 1024w, https://cobrapretastp.com/wp-content/uploads/2026/07/MCP-STP-Black-Logo-300x300.jpg 300w, https://cobrapretastp.com/wp-content/uploads/2026/07/MCP-STP-Black-Logo-150x150.jpg 150w, https://cobrapretastp.com/wp-content/uploads/2026/07/MCP-STP-Black-Logo-768x768.jpg 768w, https://cobrapretastp.com/wp-content/uploads/2026/07/MCP-STP-Black-Logo-12x12.jpg 12w" sizes="auto, (max-width: 1024px) 100vw, 1024px" /></figure>



<p class="has-text-align-left ext-animate--on has-medium-font-size wp-block-paragraph" style="padding-top:var(--wp--preset--spacing--40);padding-right:0;padding-bottom:var(--wp--preset--spacing--40);padding-left:0">Existimos para erradicar as lacunas da educação do povo, promovendo uma educação para a justiça social e minimizar a pobreza extrema dos mais carenciados, destituídos, dando-lhes opções e recursos para a sua auto sustentação.</p>



<p class="ext-animate--on wp-block-paragraph"></p>

<p>Bem-vindo ao Movimento Cobra Preta São Tomé e Príncipe Existimos para erradicar as lacunas da educação do povo, promovendo uma educação para a justiça social e minimizar a pobreza extrema dos mais carenciados, destituídos, dando-lhes opções e recursos para a sua auto sustentação.</p>
